 12 and w?
6
Let k be (32/20)/((-4)/(-10)). Suppose 0 = c - 2*x - 10, 0*c + 35 = k*c - 3*x. What is the greatest common factor of 56 and c?
8
Suppose -j + 5 - 2 = 0. Let y(r) = 8*r + 1. Let d be y(j). Let l(m) = m**3 - 10*m**2 + m. Let q be l(10). What is the greatest common factor of q and d?
5
Suppose 0 = -0*j + j - 69. What is the highest common factor of 23 and j?
23
Let o(a) = -a + 11. Let t be o(9). Suppose 5*x = -5*m, -x + 2*x + t*m + 4 = 0. Let i be ((-4)/x)/((-1)/1). Calculate the greatest common divisor of i and 4.
1
Let z be 182 + 1 + 4/4. Let i = -103 + z. What is the greatest common factor of 9 and i?
9
Let c(h) = 5*h + 5. Let j be c(3). What is the greatest common factor of j and 200?
20
Let v = 44 + 67. Let t = 9 + v. Calculate the greatest common factor of t and 15.
15
Let l be ((-81)/(-2))/((-5 - -3)/(-4)). What is the highest common divisor of 9 and l?
9
Let r = -8 + 11. Suppose r*x + 0*x - 60 = 0. Suppose 0 = -2*w - 3*a + 252, 3*w = 7*w - a - 476. What is the greatest common factor of w and x?
20
Suppose 5*c + y - 253 = 0, -9*y + 5*y = 3*c - 162. Calculate the highest common divisor of c and 75.
25
Suppose 0 = -4*l + 1 + 3. Let z = l + 1. Suppose 0 = 3*y - z*y - 8. What is the highest common divisor of 16 and y?
8
Let n be (-4)/(-26) - (-1355)/65. Calculate the highest common factor of n and 231.
21
Let g be (0 - (-5 - -3))/(2/8). What is the highest common divisor of 4 and g?
4
Let j(d) = d**3 + 2*d**2 - 4*d - 1. Let l be j(-3). Suppose 22 + 3 = l*a - 3*h, 47 = 3*a + 5*h. What is the greatest common factor of 126 and a?
14
Let g be (2 - -1) + -1 + 4. What is the highest common divisor of g and 48?
6
Let c be (10/(-4))/((-1)/2). What is the greatest common divisor of c and 20?
5
Suppose 2*l - 170 = 82. Let y be ((-8)/6)/(14/(-189)). Calculate the greatest common factor of y and l.
18
Let u = -28 + 79. Calculate the greatest common factor of 34 and u.
17
Suppose 2*l = -4*b + 3*b, 2*l - 24 = 5*b. Let y = 6 - b. What is the greatest common divisor of 25 and y?
5
Suppose 5*t + 186 = 4*r + 3*t, t + 237 = 5*r. Calculate the highest common divisor of r and 36.
12
Let g(z) = -2*z**3 + 4*z**2 + 3*z. Let k be 3 + (8 - 3)*-1. Let l be g(k). Let h = -77 + 142. What is the greatest common factor of l and h?
13
Let p be (-16)/(-2) + 22/11. Calculate the highest common factor of 90 and p.
10
Let j be (1 - -26)/((-11)/(-66)). Let a(z) = 17*z + 1. Let d(y) = y + 1. Let q be d(0). Let u be a(q). What is the highest common factor of j and u?
18
Let b = -9 + 30. Calculate the greatest common factor of b and 63.
21
Let u(j) = -j + 150. Let a be u(0). Let x = a - 104. Suppose -5*l = 3*z - 569, -z + 0*z = 2*l - 228. What is the greatest common factor of l and x?
23
Suppose 10*x = 5*x + 700. What is the greatest common divisor of 35 and x?
35
Let z(v) = -v - 7. Let h(c) = c + 7. Let q(l) = -3*h(l) - 4*z(l). Let w be q(7). Calculate the highest common divisor of 154 and w.
14
Let v = 23 + -20. Calculate the greatest common divisor of 3 and v.
3
Let i be (-4)/(-1)*(-1 + 0). Let l be (i - -6)/((-2)/(-4)). Calculate the highest common divisor of l and 44.
4
Suppose -5*u - 38 = -93. Calculate the highest common factor of 33 and u.
11
Let z = 18 + 21. Suppose 4*w + 116 + 197 = 5*k, 0 = 4*k - 2*w - 254. Suppose k = 5*i - 0*i. Calculate the greatest common divisor of i and z.
13
Let y(d) = d**2 - 6*d - 4. Let f be y(-4). Calculate the highest common factor of 4 and f.
4
Suppose 4*j + 1 = -u, -5*j + 3 = -5*u - 2. Let w be ((-9)/6 - u)*-26. Calculate the greatest common divisor of 39 and w.
13
Let j be (-1 - 1)*6/(-4). Let u be 2/(-6) - 0 - (-6)/18. Suppose 5*w = -4*g + 62, u = 3*w + 2*g - j*g - 27. Calculate the greatest common factor of w and 80.
10
Let b = 419 - 159. What is the greatest common divisor of b and 52?
52
Let c = 57 - -7. What is the greatest common factor of 8 and c?
8
Let o = 2 - -7. Suppose -2*p = -3*r + 4*r - 10, 2*r + 2*p - 10 = 0. Suppose 3*n + 6 = 0, r = -4*g + o*g - n - 102. What is the highest common factor of 4 and g?
4
Suppose 5*x = -20, 0*x - 1077 = 5*v - 2*x. Let o = -145 - v. What is the highest common factor of 8 and o?
8
Let j(f) = 7*f**3 - 1. Let g be j(1). What is the highest common divisor of g and 12?
6
Suppose -21 = -o + 4*c, -o + 2*o - c - 33 = 0. Calculate the greatest common divisor of o and 148.
37
Let b be 22 - (0 + (5 - 2)). What is the highest common factor of 95 and b?
19
Let p = -11 - -17. Let h be 1/4 - (-501)/12. Calculate the greatest common divisor of h and p.
6
Suppose 8*s - 13*s = -300. Calculate the greatest common factor of 24 and s.
12
Let v be (-4)/6 + 38/3. Let y(c) = -c**3 - c + 36. Let f be y(0). Calculate the greatest common divisor of v and f.
12
Let j be 2/8 + 76/16. Let x(a) = 2*a + 2*a + 3 - j*a. Let t be x(-7). What is the highest common factor of 70 and t?
10
Let r(n) = -8*n - 9. Let u be ((-6)/(-4))/(2/4). Suppose 0*b + u*b + 18 = 0. Let d be r(b). Calculate the greatest common divisor of 26 and d.
13
Let m be 9*((-25)/15)/(-5). Calculate the greatest common divisor of 33 and m.
3
Let q(h) = -2*h - 7. Let c be q(-5). Suppose c*g - 5*v = 68, -v - 59 = -4*g + 9. Calculate the highest common factor of 2 and g.
2
Let c(r) = r**2 + 8*r - 2. Let d be c(-10). Suppose 3*g - 5*g = -d. Calculate the highest common divisor of g and 45.
9
Let b = -30 + 177. Calculate the greatest common divisor of 21 and b.
21
Let c(g) = -g**3 - 6*g**2 + 5*g - 9. Let q be c(-7). Let n(f) = f**3 - f - 10. Let d be n(0). Let a = -5 - d. What is the greatest common divisor of q and a?
5
Let c be 634/10 + (-6)/15. Let g(t) = -t**3 + t**2 + t - 3. Let b be g(0). Let m = b - -10. Calculate the greatest common factor of c and m.
7
Let a be (-4*4 + -1)/(-1). Suppose -5*b = j + 3*j - 587, -2*j + 591 = 5*b. Calculate the greatest common divisor of a and b.
17
Suppose -30 = -7*m + 5. What is the highest common factor of 35 and m?
5
Suppose 2*f = -2*j + 138, -f - 211 = -4*f - 4*j. What is the highest common divisor of 13 and f?
13
Let a = -18 + 66. Calculate the highest common divisor of a and 6.
6
Let y be ((-24)/5)/((-12)/60). Suppose -1 = -l - 3*d, -4 = -4*l - 3*d - 2*d. Let c = 2 + l. What is the greatest common divisor of y and c?
3
Suppose 495 = -19*b + 28*b. What is the highest common factor of 55 and b?
55
Suppose 5*y + 6 = 2*w - 11, -29 = -5*w - y. Let q(v) = -v**2 + v - 1. Let j be q(1). Let d be 83/2 + j/(-2). What is the greatest common divisor of d and w?
6
Let y(x) = -x - 2. Let l(z) = -2*z - 1. Let j(w) = -3*l(w) + 4*y(w). Let s be j(4). Calculate the greatest common factor of s and 1.
1
Suppose -372 + 50 = -7*q. Calculate the greatest common divisor of q and 46.
46
Suppose -5*p = 36 + 24. Let r be p/18 - (-22)/6. Suppose d - 3*u + 2 = 32, 0 = -5*d + r*u + 174. Calculate the greatest common factor of d and 54.
18
Let q be -1*1/(-1 - -2). Let b be (8/(-10))/q*5. Suppose -5*k + 5*v + 65 = 0, k + 5 = 3*v + 28. What is the greatest common factor of b and k?
4
Let p be -4 - (4 - (-1 + 20)). What is the highest common factor of 11 and p?
11
Suppose -5 - 1 = 3*g. Let p be g/(-1 + 21/24). What is the greatest common divisor of 2 and p?
2
Suppose 0 = -z - 5, -9 = 3*u - 2*z - 22. Let q(d) = 45*d**2 + d - 1. Let r be q(u). Let l be ((-9)/2)/(-1)*2. Calculate the greatest common factor of r and l.
9
Let y(b) = 4*b - 4. Let i be y(6). Let l(j) = j**2 + 11*j - 8. Let d be l(-6). Let g be d/(-8) - 1/(-4). What is the greatest common divisor of i and g?
5
Suppose 5*w - 4*w - 9 = -2*u, 0 = 3*u - 9. Let c be 2/w*-3 - -22. Let z be 50 - (2 + -2*1). Calculate the highest common factor of z and c.
10
Let w = -4 + 7. Suppose -k + 6*k = -15, 0 = 2*j - w*k - 19. Suppose 4*d - 45 = d. What is the highest common factor of d and j?
5
Suppose -k + 30 = 5*t, 14 = 5*k - 3*t - 52. What is the greatest common factor of k and 15?
15
Suppose 71 = 5*r - 44. Suppose -r = -4*p + 9. What is the highest common divisor of 16 and p?
8
Let d be -2 - (-3)/((-9)/(-33)). Let y be 1 + -1 + d*20. Let t = y + -90. Calculate the highest common divisor of t and 10.
10
Let m be (90/(-100))/((-6)/(-5))*-12. What is the greatest common divisor of m and 9?
9
Suppose 2*p - 7 = -1. Calculate the greatest common factor of p and 12.
3
Let y(z) = z**3 + z**2 - 2*z + 1. L